 What is the units digit of j?
4
Suppose -227*u = -232*u - 905. Let b = -33 - u. What is the hundreds digit of b?
1
Let a(v) = 10*v - 6*v**2 + 17*v**2 - 6*v**2 - 6*v**2 + 25. What is the units digit of a(12)?
1
Let o(g) = -g**2 + 3*g. Let j be o(4). Let b = 7 + j. Suppose -20 = -2*m + m - 4*c, 0 = -b*m + 2*c + 130. What is the tens digit of m?
4
Let g(x) = x**2 + 3*x + 4. Let o be g(-3). Suppose -5*y - s = 4*s - 30, -2*y = 5*s - 18. Suppose l + o*t = -l - 14, l + 15 = -y*t. What is the units digit of l?
1
Let y(o) = 3*o - 28. Suppose 12*n = -3*n + 165. What is the units digit of y(n)?
5
Suppose 8*d - 2218 = 950. What is the hundreds digit of d?
3
Let u be 2 - -7*(4 + -6). What is the units digit of 253/4 + 3/u?
3
Suppose 4*m - m = -6. What is the units digit of 364/35*(-5)/m?
6
Let x(w) = 5*w**2 + 87*w - 39. What is the thousands digit of x(17)?
2
Suppose -m + 2*m - 3 = 0. Let c be 18/10 - (-8)/40. Suppose m*o + c*o = v + 16, -5*o + 20 = -5*v. What is the units digit of o?
3
Let b be (24/(-9) - -4)/(4/6). Let m(s) = 12*s**2 + 3*s + 1. What is the units digit of m(b)?
5
Let n = 57 + -59. What is the hundreds digit of -3 + -4 + 8 + (112 - n)?
1
Let j be (-2)/4*8/(-1). Suppose 0 = j*x - 8*x + 104. What is the units digit of x?
6
Suppose -4*d = -5*l + 1866, 2*l + 2*d + 0*d = 750. What is the tens digit of l?
7
What is the hundreds digit of 1073 - 10/((-40)/(-12))?
0
Let h(q) = -q + 63. Let t(f) = 3*f + 20. Let g be t(-6). Let o be (-16)/(2 + g) + 4. What is the tens digit of h(o)?
6
Let b = -132 - -145. Let c(i) = -5*i**2 - 17*i - 6. Let g(q) = -14*q**2 - 50*q - 19. Let x(p) = -17*c(p) + 6*g(p). What is the tens digit of x(b)?
1
Suppose -h = -3*x + 39, 0 = -7*h + 4*h - 9. Suppose 0*w + x = 4*w. What is the units digit of (w/2)/((-24)/(-128))?
8
Let m(b) = b**3 + 7*b**2 - 7*b - 30. Let l be m(-6). Let u = l + 71. What is the tens digit of u?
1
Let v = -42 + 24. Let h = -15 - v. Suppose h*k - 44 = -4*w + 86, 3*k + 25 = w. What is the units digit of w?
1
Let s = -21 + 26. Let c = -10 - -15. Suppose 0 = -s*z - 4*g + 52, 0*g + c*g = 15. What is the units digit of z?
8
Suppose 5*z - 4*x = 18, -5*z - 4*x = -1 - 1. Suppose 0 = z*m - 6*m + 152. What is the tens digit of m?
3
Suppose -2*d = -0*d + 10, 5*g = 5*d + 200. Suppose -j + 58 + g = 0. Suppose -2*f - 7*k + 2*k = -69, 3*f + 4*k = j. What is the tens digit of f?
2
Let q(x) = -3*x - 3. Let j be q(-2). Suppose -v - 3*y + 169 = v, 4*y - 4 = 0. Suppose -j*t + 2*o + 2*o + v = 0, 67 = 2*t - 5*o. What is the tens digit of t?
2
Let v(s) = -184*s + 100. What is the tens digit of v(-6)?
0
Let l(u) = u**2 + 4*u + 2. Let o be l(-4). Suppose -o*f = f. What is the units digit of f - (1 + 2 + -26)?
3
Suppose 0 = 4*n + 4*z - 2992 - 1816, 3*n = 4*z + 3613. What is the tens digit of n?
0
Suppose -d + 2*d - 4 = 0, 5*t + 5*d + 740 = 0. Let r be 5976/28 - 21/49. Let a = r + t. What is the units digit of a?
1
Let i(v) be the third derivative of 13*v**4/24 - 19*v**3/6 - 12*v**2. What is the tens digit of i(7)?
7
Let o = 210 - -21. What is the hundreds digit of o?
2
Suppose -27*n + 40491 = 6876. What is the units digit of n?
5
What is the thousands digit of ((-3)/(-2))/(-8 + 97737/12216)?
2
Let f(b) = -b - 4. Let v be f(12). What is the units digit of (-5)/3*6*56/v?
5
Suppose f - 1879 = x, 3*f + 12*x - 5640 = 14*x. What is the units digit of f?
2
Let h = -135 + 119. Let b = 10 - h. What is the units digit of b?
6
Suppose -29*v + 22913 = -39524. What is the hundreds digit of v?
1
Let v(n) = 48*n - 10. Let i(y) = 24*y - 5. Let p(j) = -13*i(j) + 6*v(j). What is the units digit of p(-3)?
7
Suppose -3*v + 0*l = 5*l + 248, 0 = l - 2. Let k = 126 + v. What is the tens digit of k?
4
Let x be 10*1*9/18. Suppose 0 = -x*q + 1148 - 83. What is the tens digit of q?
1
Let t(h) = h**3 + 8*h**2 - 2*h - 13. Let v(k) = -k + 1. Let w(g) = -5*g - 6. Let y(s) = -6*v(s) + w(s). Let j be y(6). What is the tens digit of t(j)?
7
Let f(q) = -q**3 + 14*q**2 + 2*q - 16. Let z be 9*(3/(-9))/(-1). Suppose 0 = -d + z*p + 17, -18 = -5*d - p + 51. What is the tens digit of f(d)?
1
Suppose -b - 34 = 4*b + 2*x, 3*b + 2*x = -22. Let l be b + 4 + 2 + 3. Suppose 0 = -l*t + 12, -31 = -2*q - 5*t + 25. What is the tens digit of q?
1
Suppose 0 = -5*i - 2*q - 3*q, 0 = -i + 3*q + 16. Suppose 15 = u - a, -u - 3*a + i = -19. What is the units digit of u?
7
Let j(r) = 1147*r + 244. What is the hundreds digit of j(2)?
5
Let p(m) = -m**2 + 5*m - 4. Let t be p(0). Suppose -3 - 2 = -3*a + 4*w, 4*a = -5*w - 14. What is the tens digit of a/(-2)*(-344)/t?
4
Suppose -2*p = -c + 12, 12 = 5*c - p + 3*p. Let z = 6 - c. Let r = 5 + z. What is the units digit of r?
7
Let y = 1 - 1. Suppose -3*i - u + 6 + 9 = y, -i + 5*u = -5. Suppose 2*a = -5*b + 6*a + 100, 75 = i*b + a. What is the units digit of b?
6
Suppose -3*r + 8*r + 385 = 0. Let z = r + 201. Suppose 4*p - z + 12 = 0. What is the tens digit of p?
2
What is the hundreds digit of 3731/1*(-4)/32*-8?
7
Suppose 4*a + u + 131 = 0, 0 = 3*u + 9 - 0. Let i be (a/(-40))/((-2)/(-10)). Let s = i - -32. What is the tens digit of s?
3
Suppose -3*m - 44 = m - 4*z, -4*m = 2*z + 26. Let w(g) = g**2 + 8*g + 12. Let i be w(m). Let y = i + -11. What is the units digit of y?
1
Suppose -3*n - 5*j + 2277 = 0, 0 = 144*j - 140*j - 12. What is the hundreds digit of n?
7
Suppose -4*g + 4*u + 4 = 0, -3*u + 4 = u. Let j(l) be the first derivative of 3*l**4/4 + 2*l**3/3 - l**2 - l + 115. What is the units digit of j(g)?
7
Let i = -33 + 849. What is the tens digit of i?
1
Let d = -127 + 58. What is the tens digit of (48/(-18))/(2/d)?
9
Let p = -1489 + 1526. What is the units digit of p?
7
Suppose -4*l + 2*l - 320 = -2*p, 2*l + 311 = -p. Let z = l - -298. What is the tens digit of z?
4
What is the hundreds digit of ((-15 - -3) + (-3)/(-1))*-23?
2
Suppose -5*h = -1652 - 1353. Suppose 3*p + 137 = 4*d + h, -2*p - 3*d = -332. What is the hundreds digit of p?
1
Suppose -5*i = -955 - 115. What is the hundreds digit of i?
2
Let b(y) = -6*y - 7 + 4*y - 17*y - 3. What is the units digit of b(-3)?
7
Suppose -250 = -2*n - 5*x, 4*x = -2*n + 2*x + 244. Suppose -3*l = -7*l + n. What is the tens digit of l?
3
Let z be (184/10)/((-36)/(-270)). What is the units digit of 3 + (-5)/((-15)/z)?
9
Let n(r) = 6*r**3 - 10*r**2 - 2*r - 3. What is the units digit of n(5)?
7
Suppose 27 = 7*t - 8*t. Let y = 26 + t. Let r = 29 - y. What is the tens digit of r?
3
Let c = 146 - 87. Let r = c - 27. Suppose 5*b + r = 2*z + 2*b, -5*b - 20 = 0. What is the tens digit of z?
1
Let g(u) = u**3 + 3*u**2 - 3*u - 4. Let s be g(-3). Suppose -s*i - 4618 = -12613. What is the units digit of (-4)/18 - i/(-27)?
9
Suppose 11 = -3*a - 4*w, 2*w - 3*w = 3*a + 14. Let j(b) = -3*b + 1. What is the tens digit of j(a)?
1
Let f be (-76)/(-10) - (-16)/40. Let z = -4 + f. Suppose 46 = 4*m - m - o, z*m = 3*o + 63. What is the units digit of m?
5
Suppose -14*p = 5*y - 10*p - 17809, -3*y = -p - 10682. What is the tens digit of y?
6
Let r = 97 - -60. Let y = r + 99. What is the units digit of y?
6
Let u = -121 - -64. Let l = u - -94. What is the units digit of l?
7
Suppose k - 2*k + 2 = 0, -3*g = -5*k - 20. What is the tens digit of g?
1
Let m(c) = c**2 - 4*c - 11. Suppose 4*s - 315 = 5*s. Let w be s/(-49) - 4/(-7). What is the tens digit of m(w)?
1
Suppose 0 = -a - 15*h + 11*h + 2476, 4 = h. What is the tens digit of a?
6
Let c(f) = f**2 + 3*f - 4. Let u be c(-4). Suppose 15 = -u*y + y. Let o = 11 + y. What is the tens digit of o?
2
Let f(n) = 9 - 7*n + 15*n - 6*n + 2*n**2 + 0*n. What is the tens digit of f(-6)?
6
Let o(u) be the second derivative of u**4/12 - u**3 - 3*u**2/2 - u - 3. What is the tens digit of o(9)?
2
Let d(t) = -t**3 - 8*t**2 + 4. Let b = 5 + -13. Let m be d(b). Suppose -m*y + 0*y = -72. What is the units digit of y?
8
Let r(u) = 11*u**2 - 21*u - 16. Let c be r(8). Suppose 4*d = -4*i + c, 3*i = i + 2*d + 280. What is the hundreds digit of i?
1
Suppose -2*v + 2*x + 180 = 6*x, 2*x + 106 = v. What is the tens digit of v?
9
Suppose -5*l - 3*y + 497 = 0, 0*l - 98 = -l - 2*y. Suppose -l + 274 = 3*p. What is the tens digit of p?
5
Suppose 2*y + 4*z = 5558, -8365 = -3*y + 14*z - 13*z. What is the thousands digit of y?
2
Let z(x) = x**2 - x - 2. Let d be z(0). Let t be (d/2)/(9/(-423)). Suppose 0 = l - 4*